04?
True
Does 34 divide 1386?
False
Is 1238 a multiple of 19?
False
Does 18 divide 486?
True
Does 40 divide 11293?
False
Is 12 a factor of 2148?
True
Is 3 a factor of 919?
False
Is 165 a factor of 167805?
True
Does 12 divide 716?
False
Is 5022 a multiple of 18?
True
Does 12 divide 624?
True
Is 1808 a multiple of 4?
True
Does 5 divide 2621?
False
Is 372 a multiple of 8?
False
Is 242 a factor of 28262?
False
Is 289 a factor of 41418?
False
Is 24300 a multiple of 60?
True
Does 66 divide 5280?
True
Does 16 divide 3384?
False
Does 24 divide 3002?
False
Does 19 divide 2421?
False
Does 25 divide 2862?
False
Is 3 a factor of 2059?
False
Is 6 a factor of 5747?
False
Does 50 divide 500?
True
Is 704 a multiple of 22?
True
Is 14 a factor of 4900?
True
Is 11 a multiple of 2?
False
Is 3147 a multiple of 9?
False
Is 12 a factor of 848?
False
Is 18 a factor of 135?
False
Is 1843 a multiple of 3?
False
Is 11 a factor of 785?
False
Is 48 a factor of 266?
False
Is 2711 a multiple of 11?
False
Is 16530 a multiple of 145?
True
Is 22 a factor of 61116?
True
Is 13 a factor of 7111?
True
Is 4 a factor of 24?
True
Is 778 a multiple of 7?
False
Does 40 divide 1720?
True
Is 24 a factor of 21456?
True
Does 21 divide 684?
False
Is 4264 a multiple of 104?
True
Does 42 divide 5721?
False
Does 5 divide 290?
True
Is 15 a factor of 2415?
True
Does 19 divide 66116?
False
Does 13 divide 6862?
False
Does 31 divide 17639?
True
Does 7 divide 20103?
False
Does 15 divide 8735?
False
Does 28 divide 14259?
False
Is 1435 a multiple of 35?
True
Is 19 a factor of 988?
True
Does 6 divide 145?
False
Does 99 divide 717?
False
Is 294 a multiple of 4?
False
Does 7 divide 881?
False
Is 4075 a multiple of 25?
True
Is 10350 a multiple of 165?
False
Is 30 a factor of 995?
False
Is 79 a factor of 1185?
True
Is 1040 a multiple of 10?
True
Is 6 a factor of 49278?
True
Is 1872 a multiple of 12?
True
Does 45 divide 1031?
False
Does 8 divide 1034?
False
Is 9 a factor of 4527?
True
Does 6 divide 24858?
True
Does 50 divide 1762?
False
Does 3 divide 2907?
True
Does 18 divide 2271?
False
Is 67 a factor of 9849?
True
Is 14380 a multiple of 18?
False
Is 151 a factor of 9815?
True
Does 28 divide 21773?
False
Is 398 even?
True
Is 7 a factor of 2429?
True
Is 123 a factor of 114810?
False
Is 975 a multiple of 23?
False
Does 2 divide 32?
True
Is 1060 a multiple of 40?
False
Is 309 a multiple of 18?
False
Is 6968 a multiple of 67?
True
Is 662 a multiple of 7?
False
Is 4644 a multiple of 14?
False
Is 54 a factor of 4482?
True
Is 2592 a multiple of 48?
True
Is 6942 a multiple of 78?
True
Is 1093 a multiple of 13?
False
Does 132 divide 82222?
False
Is 22 a factor of 3160?
False
Is 148 a multiple of 37?
True
Is 5 a factor of 8742?
False
Is 2 a factor of 64?
True
Is 8085 a multiple of 34?
False
Does 24 divide 584?
False
Is 13 a factor of 305?
False
Does 2 divide 307?
False
Is 3740 a multiple of 55?
True
Does 110 divide 24312?
False
Is 184 a multiple of 46?
True
Is 2352 a multiple of 49?
True
Is 55440 a multiple of 12?
True
Is 15 a factor of 13369?
False
Is 5542 a multiple of 15?
False
Does 67 divide 5963?
True
Does 105 divide 33180?
True
Is 103 a factor of 336?
False
Is 120 a factor of 22023?
False
Is 12269 a multiple of 120?
False
Is 11220 a multiple of 170?
True
Does 8 divide 26168?
True
Does 30 divide 37066?
False
Does 25 divide 18475?
True
Is 61446 a multiple of 19?
True
Does 7 divide 3836?
True
Does 6 divide 2130?
True
Is 92 a factor of 1039?
False
Does 16 divide 1137?
False
Is 143 a factor of 16874?
True
Does 9 divide 918?
True
Does 4 divide 2481?
False
Is 10073 a multiple of 17?
False
Does 124 divide 124?
True
Is 64907 a multiple of 42?
False
Is 24 a factor of 26536?
False
Is 31 a factor of 1209?
True
Does 31 divide 149?
False
Is 16 a factor of 44837?
False
Is 1561 a multiple of 7?
True
Is 12 a factor of 120?
True
Is 2781 a multiple of 121?
False
Is 16 a factor of 288?
True
Is 145 a factor of 53732?
False
Is 3070 a multiple of 42?
False
Is 266 a multiple of 65?
False
Is 1437 a multiple of 3?
True
Does 10 divide 346?
False
Is 243 a multiple of 9?
True
Does 61 divide 4636?
True
Does 9 divide 1993?
False
Is 47525 a multiple of 25?
True
Is 6966 a multiple of 54?
True
Is 18 a factor of 1926?
True
Does 6 divide 377?
False
Does 12 divide 1104?
True
Is 67 a factor of 1409?
False
Is 30 a factor of 3810?
True
Is 17 a factor of 53737?
True
Is 3216 a multiple of 112?
False
Does 141 divide 76140?
True
Is 1242 a multiple of 54?
True
Is 21 a factor of 9742?
False
Is 290 a factor of 24940?
True
Does 4 divide 108?
True
Does 55 divide 8686?
False
Does 124 divide 25792?
True
Does 5 divide 319?
False
Does 24 divide 1080?
True
Is 1270 a multiple of 3?
False
Does 84 divide 14391?
False
Is 1377 a multiple of 51?
True
Does 12 divide 5028?
True
Is 14 a factor of 225?
False
Is 191 a factor of 40630?
False
Does 5 divide 11634?
False
Does 184 divide 16008?
True
Is 2 a factor of 287?
False
Is 5092 a multiple of 76?
True
Does 53 divide 69071?
False
Does 19 divide 15058?
False
Is 12 a factor of 27436?
False
Is 98 a factor of 12936?
True
Does 2 divide 27?
False
Is 3910 a multiple of 10?
True
Does 3 divide 660?
True
Is 26 a factor of 54938?
True
Is 29 a factor of 870?
True
Is 2396 a multiple of 7?
False
Is 1963 a multiple of 50?
False
Is 25 a factor of 2673?
False
Is 837 a multiple of 20?
False
Does 284 divide 88324?
True
Does 23 divide 10211?
False
Is 112 a factor of 55552?
True
Is 6170 a multiple of 5?
True
Is 6 a factor of 55072?
False
Is 1426 a multiple of 23?
True
Does 17 divide 4760?
True
Is 555 a multiple of 3?
True
Is 5 a factor of 444?
False
Does 17 divide 1751?
True
Is 23 a factor of 1560?
False
Does 8 divide 14712?
True
Does 34 divide 9384?
True
Is 1792 a multiple of 6?
False
Is 60 a factor of 755?
False
Is 208 a factor of 9360?
True
Does 8 divide 2240?
True
Is 77 a factor of 1848?
True
Is 3909 a multiple of 28?
False
Does 15 divide 3540?
True
Is 28 a factor of 1792?
True
Is 20 a factor of 16320?
True
Does 24 divide 3639?
False
Is 16563 a multiple of 151?
False
Is 3142 a multiple of 5?
False
Does 7 divide 800?
False
Is 349 a multiple of 3?
False
Does 4 divide 1400?
True
Is 7 a factor of 2926?
True
Does 3 divide 348?
True
Is 11 a factor of 399?
False
Is 74 a factor of 7033?
False
Is 74 a factor of 1628?
True
Is 43 a factor of 4936?
False
Is 37 a factor of 3966?
False
Is 11 a factor of 2981?
True
Is 44 a multiple of 4?
True
Does 5 divide 14775?
True
Is 18 a factor of 6642?
True
Does 72 divide 754?
False
Does 16 divide 173?
False
Is 27 a factor of 1053?
True
Is 9996 a multiple of 196?
True
Is 3617 a multiple of 35?
False
Is 83 a factor of 1464?
False
Is 48312 a multiple of 20?
False
Is 8417 a multiple of 31?
False
Is 8718 a multiple of 35?
False
Is 12258 a multiple of 12?
False
Is 3 a factor of 1063?
False
Is 1065 a multiple of 14?
False
Is 81 a factor of 64407?
False
Does 43 divide 1198?
False
Does 11 divide 2497?
True
Does 5 divide 386?
False
Is 5970 a multiple of 23?
False
Does 184 divide 24472?
True
Is 324 a multiple of 54?
True
Does 115 divide 4485?
True
Does 19 divide 129?
False
Does 8 divide 28?
False
Does 12 divide 13283?
False
Is 233 a multiple of 18?
False
Is 10 a factor of 425?
False
Is 2079 a multiple of 13?
False
Is 96 a factor of 384?
True
Does 182 divide 6243?
False
Is 49 a factor of 1988?
False
Does 7 divide 17410?
False
Does 93 divide 186?
True
Is 276 a multiple of 138?
True
Is 222 a multiple of 8?
False
Is 796 a multiple of 17?
False
Does 8 divide 5784?
True
Does 9 divide 1179?
True
Is 71 a factor of 79023?
True
Is 109 a factor of 7848?
True
Does 11 divide 3527?
False
Is 147 a factor of 2145?
False
Does 29 divide 3248?
True
Does 10 divide 420?
True
Is 539 a multiple of 7?
True
Is 10 a factor of 417?
False
Is 3365 a multiple of 45?
False
Is 1749 a multiple of 26?
False
Does 61 divide 2170?
False
Is 2321 a multiple of 11?
True
Is 9 a factor of 1431?
True
Is 7 a factor of 966?
True
Is 4992 a multiple of 192?
True
Is 26 a factor of 14286?
False
Is 663 a multiple of 51?
True
Is 16 a factor of 32450?
False
Is 22 a factor of 9834?
True
Is 10 a factor of 509?
False
Is 7 a factor of 9618?
True
Is 15 a factor of 1305?
True
Is 1222 a multiple of 32?
False
Is 29 a multiple of 13?
False
Does 30 divide 20876?
False
Does 42 divid